*y - 7*u + 24. Let i(b) = -b**3 + 5*b**2 + 4*b + 6. Determine i(y).
-6
Let g be ((-5)/2 + 2)*0. Let x be (-3)/(-3) - (-1 + g). Let n(y) = 10*y - x*y - 1 - 6*y - 4. Give n(4).
3
Let a be ((-3)/6)/(1/10). Let x(u) = u**2 + u + 4. Let n be x(a). Suppose 2*s + n = -0*w + 4*w, 2*s + w = -9. Let f(h) = h**3 + 5*h**2 - 6*h - 4. Give f(s).
-4
Let n(o) = -7*o**2 - 2*o + 7. Let f(h) = -9*h**2 - 2*h + 8. Let r(c) = -2*f(c) + 3*n(c). Give r(-3).
-16
Let w be (3 - (-10)/(-4))/(14/(-168)). Let q be (-21)/(-2) - 1/2. Let m(i) = 1 - 4 + i + q. Give m(w).
1
Let i(p) = 8*p + 92. Let c be i(-10). Let f(h) = h + 1. Determine f(c).
13
Let h(b) = 0*b**2 - 92 + 86 - 3*b**2 + 2*b + 7*b**2 - b**3 + 4*b. Determine h(4).
18
Let w(b) = -3*b**2 - 19*b - 18. Let t(u) = -2*u**2 - 13*u - 12. Let l(y) = 7*t(y) - 5*w(y). Suppose n - 5*n = 5*z + 21, 3*z = -5*n - 23. Determine l(n).
6
Let b(x) be the first derivative of x**3/3 - 11*x**2/2 - 4*x - 340. Give b(12).
8
Let p = 93 - 96. Let x(s) be the second derivative of -s**6/180 - s**5/120 - s**4/12 - 6*s. Let m(z) be the third derivative of x(z). Calculate m(p).
11
Let n be 2 + (2 - (10 - 2)). Let h(o) be the first derivative of 4*o - 1/2*o**2 - 11. Calculate h(n).
8
Let f(u) = 0 + 2 + 0*u + u. Suppose 2*s - 19 = 5*t, 29*s - 28*s + t = 6. Calculate f(s).
9
Let q(l) = -l + 3. Let u(d) = 4*d**3 - 22*d**2 - 11*d - 6. Let z be u(6). Calculate q(z).
3
Let x(b) = b**2 - b - 3. Let c = 19 - 16. Suppose c*j + 18 = -33. Let y be 2/(-12) + j/6. Determine x(y).
9
Let a(f) = -7*f**2 + 9*f - 6. Let u(t) = -4*t**2 + 5*t - 3. Let i(q) = -6*a(q) + 11*u(q). What is i(4)?
-25
Suppose -16 = y + 3*a, 13*y - 12*y - 9 = 2*a. Let r(n) = -3*n**3 + n + 1. What is r(y)?
3
Let n(b) be the first derivative of -b**3/3 - 9*b**2/2 - 13*b - 2. Calculate n(-7).
1
Let f(i) be the third derivative of -i**5/60 + i**4/3 - 2*i**3/3 - i**2 - 7*i. What is f(6)?
8
Let h(w) = 6*w - 10 - 2 - 10*w + 4*w - w. Give h(-9).
-3
Let y(w) = -w - 2. Let i be y(2). Let l be -2 - (-1 - -3 - 5). Let k(r) = 4*r**2 + 3*r**2 + l - 6*r**2 + 7*r - 2*r. Calculate k(i).
-3
Let u(c) = 3*c - 9. Let j(x) = -9*x**2 + 83*x - 10. Let n be j(9). Give u(n).
15
Let l(d) = d - 8. Let p be 2 + 3 - (0 - 3 - -2). What is l(p)?
-2
Suppose 0 = 2*i + 3*i + 4*j, i = -4*j. Let z(b) = 2*b + i*b**2 - 3 + 4*b + b**2. Give z(-5).
-8
Let m(w) = -w + 1. Let o(f) = -f - 7. Let u be o(-9). Suppose u*l - 8 = -0. Suppose -8 = 2*x - l*x. Calculate m(x).
-3
Let b = -92 - -81. Let x(o) = -o**2 - 16*o + 5. Give x(b).
60
Let j(v) = -10*v**2 - 23*v - 17. Let c(f) = -7*f**2 - 18*f - 11. Let l(s) = 7*c(s) - 5*j(s). Determine l(9).
-10
Let m(j) = 7*j + 17. Let l(y) = -6*y - 17. Let f(g) = -3*l(g) - 2*m(g). What is f(-4)?
1
Let b = 25 - 21. Suppose 4*x = -5*g - 18, -b*g + x - 13 = 14. Let d(o) = o**3 + 7*o**2 + 6*o - 2. Give d(g).
-2
Let r be 20 - 10/2 - -4. Let s(w) = w**3 - 18*w**2 - 20*w + 12. Let g be s(r). Let k(o) = o**2 + 8*o - 1. Calculate k(g).
-8
Suppose -5*l = -2*l + 6. Let a(f) be the first derivative of f**2/2 + 47. Determine a(l).
-2
Let v(x) = x**3 + 13*x**2 - 14*x - 4. Suppose 84 = 27*n - 33*n. Determine v(n).
-4
Suppose -2*z + 6 - 12 = 0. Let r(g) = -g**3 - 2*g**2 - 4*g - 4. Give r(z).
17
Let v(d) = d**2 + 3 + 16*d - 2*d - 11*d. Let a(h) = -6*h**3 - h - 1. Let f be a(-1). Let r = -8 + f. Calculate v(r).
1
Let t(w) = w + 9. Let n be t(-6). Suppose n*b - 14 = b. Let k(l) = 6*l**2 + 6 - l + 2*l - b - l**3. Give k(6).
5
Let g(h) be the second derivative of h**4/12 + 11*h**3/6 + 15*h**2/2 - 269*h. Calculate g(-6).
-15
Let h(z) = -z**3 - 8*z**2 + 8*z - 10. Let t = 18 + -18. Suppose 2*o + 11 + 7 = t. Determine h(o).
-1
Let b(d) be the first derivative of -7*d**4/6 + d**3/6 - d**2/2 + 2*d - 1. Let g(h) be the first derivative of b(h). Let u = -38 - -39. Calculate g(u).
-14
Let u be (2 - 11) + -22 + 34. Let t(l) be the first derivative of -5 + 2*l**2 - 1/3*l**u + 8*l. What is t(6)?
-4
Let d(x) = 3*x**3 - 7*x**2 + 21*x - 19. Let t(k) = k**3 - 2*k**2 + 7*k - 7. Let v(r) = -6*d(r) + 17*t(r). Determine v(7).
-5
Let b(o) = -o - 5. Suppose -6 = -3*d, -2*f + f + 2*d - 8 = 0. What is b(f)?
-1
Let m(v) be the first derivative of -v**4/4 + 7*v**3/3 - 7*v**2/2 + 5. Let f be 0 - -2 - (3 + -6). What is m(f)?
15
Let a(i) = i + 3. Let w(k) = -3*k - 6. Let t(o) = 5*a(o) + 3*w(o). Suppose 117*f + 660 - 32 = -197*f. Determine t(f).
5
Let z(s) = -s**3 + 5*s**2 + 5*s - 4. Let a be 42/8 - 19/76. Calculate z(a).
21
Let h be ((-6)/(-1))/((88/12)/(-11)). Let d(q) = q**3 + 8*q**2 - 9*q + 12. Calculate d(h).
12
Let h = 30 - 28. Let o(q) = q + q + 0 + h - 7*q. What is o(2)?
-8
Let j(m) = -m - 3. Let w be -3 + 3 + (-3 - -3). Let n = -3 + w. Let o be j(n). Let s(q) = q**2 - 6. Give s(o).
-6
Let u = -7817 - -4482. Let a be u/(-35) - (-6)/(-21). Let t(o) = 2*o**3 - a*o + 94*o - 4*o**2 - o**3. Calculate t(3).
-12
Suppose 8*u + 220 = 3*u - 5*h, -4*u - 200 = -4*h. Let o = -55 - u. Let b(a) = a**3 + 9*a**2 + 7*a + 9. Calculate b(o).
17
Let h = 300 - 299. Let k(z) = -6*z + 1. Give k(h).
-5
Let q(g) = -4*g - 61. Suppose -52*m = -50*m + 30. Determine q(m).
-1
Let l be ((-25)/5)/(-1) - 0. Let q(p) = p**3 - 8*p**2 + 14*p - 3. Determine q(l).
-8
Let y(b) = -2*b**2 - 2*b + 9. Let m(a) = -2. Let h(u) = -m(u) - y(u). Calculate h(-3).
5
Suppose -15*m + 14*m = 0, -m = -2*y + 10. Let v(k) = -k**2 + 2*k. Calculate v(y).
-15
Let i(h) be the first derivative of 8*h**4 - h**2/2 + h - 3. What is i(1)?
32
Let h(k) = -4*k**2 + 2*k**3 + 147 + k**3 - 151 + 5*k. Let p(a) = 4*a**3 - 5*a**2 + 6*a - 3. Let c(o) = -5*h(o) + 4*p(o). Determine c(0).
8
Let a(l) = -l**2. Let m(q) = -4*q**2 - 4*q - 2. Let i(g) = -3*a(g) + m(g). Let x = -18 + 12. Let p be ((-9)/(-9))/(2/x). Calculate i(p).
1
Let g(p) = p**2 + 4*p + 6. Suppose 0 = 27*s + 147 + 15. Determine g(s).
18
Let t = -7247/8 - -906. Let v(r) be the third derivative of -1/120*r**6 + t*r**4 + 1/60*r**5 - 2*r**2 + 0 - 1/6*r**3 + 0*r. Give v(2).
1
Suppose -20 = -j + w, -w - 2*w = 0. Let x = -25 + j. Let u(o) = -o**2 - 5*o - 2. Calculate u(x).
-2
Let u = -13 + 17. Suppose 2*y - u*y = -4. Let b(o) = o + 4*o - 5*o + o**y + 1. Determine b(-3).
10
Let n(o) = -3*o**3 + 2*o**3 + 2*o**2 - 14*o**2 + 64 - 10*o - 51. Calculate n(-11).
2
Let u(g) = 64*g - 36*g + 7 - 6*g**2 - 29*g - g**3. What is u(-5)?
-13
Let a(r) = r + 6. Let y(q) = -1. Let u(w) = -a(w) - 6*y(w). Let f = 11 + -11. Suppose -7*p + 6*p + 3 = f. What is u(p)?
-3
Let n(y) = 5*y - 7. Let m be 18/4*(180/(-27) + 8). Calculate n(m).
23
Let o(h) = -15*h + 0*h - 179*h**2 + 91*h**2 + 87*h**2. Give o(-15).
0
Let s(y) = 3*y - 4. Let d be 455/(-104) - (-9)/24. Determine s(d).
-16
Let w(d) = -7 + d**2 + 7*d - 2*d**2 - 1. Let n be (-1 + 44/(-12))*(-5 - -26). Let q = n - -104. Give w(q).
-2
Let t(s) = 1 + 188*s**2 - 187*s**2 - 14 + 9*s. Give t(-10).
-3
Let k(w) = -6*w**3 + 2*w**2 - 4*w + 2. Let x(z) = z**2 - 24*z + 121. Let i be x(17). Determine k(i).
-46
Let a(x) = 35*x**2 + 11. Let p(f) = -23*f**2 - 7. Let l(j) = -5*a(j) - 8*p(j). Let m = -41 - -31. Let g be 8/m - 1/5. Determine l(g).
10
Let y(m) = -m**2 + m + 38. Let p = 259 + -259. Determine y(p).
38
Let l = -34/3 - -35/3. Let i(t) be the third derivative of 1/20*t**5 - 1/120*t**6 + t**2 - 1/8*t**4 + l*t**3 + 0 + 0*t. Calculate i(3).
-7
Let a(b) be the first derivative of 6 + 1/4*b**4 - 7*b - b**2 + 5/3*b**3. Let m be 2*(14/(-4) + 1). Determine a(m).
3
Let u(n) = -2*n + 8. Let r be ((-30)/(-8))/(3/(-12)). Let s = -7 - r. Let i = s + -2. What is u(i)?
-4
Suppose -64*n + 45 = -59*n. Let d(h) = 3*h - h - 3 - 4 + n. Give d(-3).
-4
Suppose 5*j - a = -2, 0 = 2*j - 3*j + a - 2. Suppose 1 = -3*q - 2, j = -2*o + 3*q - 11. Let f(m) = -m**3 - 7*m**2 + 2*m + 7. What is f(o)?
-7
Let v(p) be the third derivative of -p**6/60 + p**5/30 + p**4/8 - p**3/2 - p**2. Suppose 0 = 4*y + 320*n - 315*n + 22, -4*y + 14 = -n. Calculate v(y).
-5
Suppose 2*g = l + 13, 0 = 5*g + 2*l - 61 + 6. Let w(i) = i**3 - 10*i**2 + 9*i - 8. What is w(g)?
-8
Let y = 7 + -13. Let s(a) = 4*a - 16 - 74*a**2 + 43*a**2 + 37*a**2 + 13 + a**3 + 9. Give s(y).
-18
Let y(d) be the first derivative of -d**7/840 + d**5/40 - d**4/12 - 10*d**3/3 + 2. Let b(p) be the third derivative of y(p). Calculate b(2).
-4
Let z(o) be the second derivative of -o**4/12 - 5*o**3/6 - o**2/2 - 11*o + 7. What